 14/4*12048/84?
5
Let x(w) = 62*w**2 - 47*w - 18. What is the units digit of x(5)?
7
Suppose 19*y = -501 + 10172. What is the units digit of y?
9
Let z be (-2)/12 - (-366)/36. Let c be 838/10 + 2/z. What is the units digit of ((-4)/(-8))/(2/c)?
1
Let w be (-374)/(-11)*1/(-2). Let s = -24 - w. Let d = s - -30. What is the tens digit of d?
2
Let m = 304 - -378. What is the units digit of m?
2
Let h(x) = x**2 - 2*x - 8. Let t be h(6). Let g be 2*6*12/t. Suppose -g = -i + 1. What is the tens digit of i?
1
Let g = 359 - -135. What is the tens digit of g?
9
Suppose -8 = -6*h - 32. What is the tens digit of h/(4*1/(-2)) - -124?
2
Let c(y) = y**2 - 3*y - 22. Let g be c(16). Suppose 0 = 4*j + 62 - g. What is the units digit of j?
1
What is the units digit of (-3472)/(-22) - 2/(-11)?
8
Let f be -11 + 16 + 1*-3. Suppose -5*k + 5*l - 116 - 259 = 0, -f*k = 4*l + 132. What is the units digit of k/(-14) + (-2)/14?
5
Suppose k + 2*l - 638 = 0, -4*k + 2*l + l + 2541 = 0. What is the tens digit of k?
3
Suppose 7*f - 60325 = -18*f. What is the hundreds digit of f?
4
What is the thousands digit of ((-4)/3)/(2 + (-2653)/1326)?
1
Let w(g) = 3*g**2 + 11. Let u be w(5). Suppose u = 3*z + 17. What is the units digit of z?
3
Suppose -16 = -0*x - 4*x. Suppose -2*y - 6 = -x*y + 2*d, -2*y - 4*d = -24. Let w = 12 + y. What is the tens digit of w?
1
What is the units digit of (0 + 3 - -7)/(8/8)?
0
Let q be 1 + 3 - (2 + 37). Suppose -x - x + 16 = 4*a, -3*x + 4*a + 44 = 0. What is the units digit of q/(-14)*x/5?
6
Suppose 6*z - 3*z - 99 = 0. Let y = z + -15. What is the tens digit of (-336)/(-9)*y/12?
5
Suppose 8*p - 368 = 12*p - 3*b, 3*p = -b - 276. Let l = p - -156. What is the units digit of l?
4
Let u = 1870 - -1259. What is the hundreds digit of u?
1
Let x(k) = k**2 - 7*k + 2. Let h be x(8). Suppose h*p = 11*p - 100. What is the units digit of p?
0
Let t(n) = -n**3 + 15*n**2 - 13*n - 17. Let l be t(14). Let b be (-7)/l*(1 - -2). Let r(i) = -i + 16. What is the units digit of r(b)?
9
Suppose -2*n = -8, s + 3*n - 12 = -0*n. Suppose s*d + 4 = 2*d. Suppose -3*t - 5*r = -180 + 28, 58 = t - d*r. What is the tens digit of t?
5
Suppose 25 = -5*c - 4*z - 14, -3*c - 16 = -5*z. Let v(x) = -7*x - 9. Let w be v(c). What is the units digit of 16/w + (-293)/(-5)?
9
Let c(n) = 10*n + 89. What is the hundreds digit of c(26)?
3
Let u be (-2)/((-1)/(5/(-2))). Let b(q) = q**2 + q - 1. Let r(n) = 2*n**2 - 3*n - 1. Let m(d) = -3*b(d) + r(d). What is the units digit of m(u)?
7
Let a = 1812 + -1115. What is the tens digit of a?
9
Suppose 7*w = -5*w + 5640. What is the units digit of w?
0
Suppose -3*v - 1281 = -12*j + 8*j, 0 = 3*j - v - 962. What is the units digit of j?
1
Let h(p) = p**3 + 5*p**2 - 2*p + 3. Let t be h(-3). Let x = t - 29. What is the tens digit of (6 + x)/(8/124)?
6
Suppose -l + 0*l + 5*r + 10 = 0, 3 = 3*r. Let j(b) = -5*b + 12 + l*b - 8*b. What is the tens digit of j(10)?
3
Suppose 3*d - 385 = -4*g, d - 15*g - 141 = -10*g. What is the tens digit of d?
3
Let z = -12 - -15. Suppose -2*g + 2 = 2*j, 5*j - z*g - 33 = -12. Suppose -5*x = j*k - 74, -5*k = -2*x - 3*k + 20. What is the units digit of x?
3
Let s(r) = r**3 + 29*r**2 + 54*r - 47. What is the tens digit of s(-26)?
7
Suppose -210 = -6*h + h. What is the tens digit of 4/(-14) + 1356/h?
3
Let i(u) = u**2 - 2. Let l = 20 - 18. Suppose -4 - 6 = l*s. What is the tens digit of i(s)?
2
Let i(z) = 95*z**2 - 7*z + 2. Let d(m) = -94*m**2 + 8*m - 2. Let l(t) = 4*d(t) + 5*i(t). Let k be l(1). Suppose k = -4*j + 242. What is the units digit of j?
6
Let t be 20/(-90) - 119/(-9). Let x(r) = -r**2 - 4*r - 3. Let b be x(-5). Let j = b + t. What is the units digit of j?
5
What is the tens digit of (-280746)/(-99) - 18/(-99)?
3
Suppose h + r - 432 = 6*r, 0 = -2*r - 8. What is the units digit of h?
2
Let c(v) = -5*v + 45. Let o be c(-11). Let w = -53 + o. What is the tens digit of w?
4
Suppose 5*w - 6245 = -o - 4*o, -4*o + 4996 = -3*w. What is the thousands digit of o?
1
Let k be (330/(-14))/(-1) - (-99)/231. Let p(j) = -j**3 - 3*j**2 - 5*j - 3. Let h be p(-4). Let n = h - k. What is the units digit of n?
9
Let l be (-2 + 0)*5*(-11)/(-1). What is the hundreds digit of -1 + 8253/30 - (-11)/l?
2
Let v(r) = -2*r - 4. Let c be v(-8). Suppose -c = -2*a + 8. Let g(h) = -h**2 + 10*h + 11. What is the tens digit of g(a)?
1
Let d(m) = m**3 - 18*m**2 - 4*m + 28. Let a be d(18). What is the units digit of 2/(-11) - 7532/a?
1
Suppose -52*m - 30503 = -200491. What is the units digit of m?
9
Let m(d) = d**2 - 20*d - 9. What is the thousands digit of m(-36)?
2
Let x(w) = 14*w**3 + 8*w - 5 - 4*w**2 + 12 - 17*w**3. What is the units digit of x(-5)?
2
Suppose 0 = 32*m - 52*m + 22120. What is the thousands digit of m?
1
Let u = 3688 - 1183. What is the units digit of u?
5
Suppose -5*r = -10 - 40. Let u = 12 - r. Suppose y - 61 = -5*q, 22 = 2*q - 4*y + u. What is the tens digit of q?
1
Suppose -4*l + 109 = 3*o, o + 5*l - 40 = -0*o. What is the units digit of (354/(-15))/((-14)/o)?
9
Let n(x) = -x**3 - 6*x**2 - 17*x - 18. What is the units digit of n(-5)?
2
Suppose 50*w - 1011 = 47*w. What is the tens digit of w?
3
Let s(c) = -4*c - 585 + 13*c + 550. What is the tens digit of s(10)?
5
Let r(k) = -2 - 3*k - 2 + 30*k. What is the tens digit of r(2)?
5
Suppose -2388 = 19*d - 25*d. Suppose 4*i - 342 = d. What is the tens digit of i?
8
Let x = 514 + 100. What is the units digit of x?
4
Let z(h) = -8*h**2 - 12*h + 28*h**2 + 67 + h. What is the tens digit of z(4)?
4
Suppose 3*n = -0*n + 9. Suppose -3*a - 12 = -o, -n*a + 24 = 5*o - 0*a. Suppose o*p - p + 2*j = 46, 34 = 3*p - 2*j. What is the tens digit of p?
1
Let w = 77 + 12. Let h = -146 + w. What is the units digit of h/(-9) + 1/(-3)?
6
What is the hundreds digit of (4/2)/(-5*2/(-3145))?
6
Let k(b) = 159*b + 6 + 2*b**2 - 166*b - 3*b**2. Suppose s = -3*s - 28. What is the units digit of k(s)?
6
Let i be (16/12)/(8/(-60)). Let j(y) = -7*y + 10. Let t be j(i). Suppose x + 3*x - t = 0. What is the tens digit of x?
2
Let v = -117 + 2. Let d = -46 - v. What is the tens digit of d?
6
Let h(i) = -i**2 - 4*i + 2. Let g(m) = 2*m**2 + 9*m - 4. Let f(d) = -3*g(d) - 5*h(d). Suppose j = -4*t - 18, t = j - 0*j - 7. What is the units digit of f(t)?
2
Let f(u) = -u**3 - 47*u**2 - 34*u + 182. What is the units digit of f(-47)?
0
Let d(b) = -74*b - 93. What is the units digit of d(-10)?
7
Suppose 36*g + 7375 - 51583 = 0. What is the tens digit of g?
2
Let g(m) = 10*m**2 + 3*m - 4. Let w be g(-5). Suppose 5*x - w = -6*x. What is the units digit of x?
1
Let n = -282 - -782. What is the units digit of n?
0
Let n(w) = -6*w + 11*w**2 + 2 - 8*w**2 - 7. Let v be n(-5). Suppose 3*d + d - v = 0. What is the tens digit of d?
2
Let r = 540 - -74. What is the units digit of r?
4
Let l be 4954/10 + 9/15. Suppose -l = -3*c + 125. What is the tens digit of c?
0
Let j = 1475 + -1267. What is the units digit of j?
8
Suppose -4*t - 7*f + 7315 = 0, -11*t + 6*t = -2*f - 9176. What is the thousands digit of t?
1
Suppose -14 = y - 21. Let x(z) = 10*z - 19. What is the units digit of x(y)?
1
What is the tens digit of ((-510)/(-18))/((-2)/(-6))?
8
Suppose j = 3*f + 7, 6*f = 3*j + 5*f + 11. Let v = 6 - j. Suppose -v*w - 12 = -13*w. What is the units digit of w?
6
Let j = 33 + -34. What is the tens digit of 84 - j*(3 - (-2 - -2))?
8
Let k = 34 + -24. Suppose -2*q - k = 0, 0*q + 4*q - 94 = -2*l. What is the tens digit of l?
5
Let x(f) = 5*f**2 + f + 6. Suppose -4*c + 17 - 1 = 0. What is the units digit of x(c)?
0
Let l(m) = 9*m**3 - 3*m**2 - 4*m + 2. Let h(n) = 25*n**3 - 9*n**2 - 12*n + 5. Let g(v) = -4*h(v) + 11*l(v). Let a = -4 + 1. What is the tens digit of g(a)?
4
Let u(b) = 36*b**2 - 29*b - 8. What is the units digit of u(-4)?
4
Let n(l) = -l**2 - 23*l + 14. Let v be n(-18). Suppose -3*i + v = 29. Suppose -10 = -c + i. What is the tens digit of c?
3
Let o = -7 - -10. Suppose 0*i = -i - 5*z + 6, 5*i + o*z - 8 = 0. What is the units digit of i?
1
What is the hundreds digit of (3 + -1)*(-6 - (-3289)/22)?
2
Suppose 4 = -4*o - 0, -2*o = y - 590. What is the hundreds digit of y?
5
Let d be 1240/70 + 4/14. Let q be ((-60)/d)/((-2)/(-9)). What is the tens digit of (27/q)/(3/(-45))?
2
Let a be (2/5)/((-15)/(-300)). Let v be ((-382)/a)/(8/(-32)). Let w = v - 135. 